 of 31541254.
2, 19, 53, 15661
What are the prime factors of 1992975377?
53, 461, 81569
List the prime factors of 104630195.
5, 3259, 6421
List the prime factors of 178518864.
2, 3, 1223, 3041
What are the prime factors of 3717854033?
167, 22262599
What are the prime factors of 190332476?
2, 17, 673, 4159
List the prime factors of 543438437.
19, 28602023
List the prime factors of 1040259981.
3, 346753327
What are the prime factors of 463640581?
8821, 52561
List the prime factors of 85118439.
3, 7, 17, 34061
List the prime factors of 113062005.
3, 5, 7, 151, 2377
List the prime factors of 40592356.
2, 7, 167, 8681
What are the prime factors of 1353325326?
2, 3, 43, 1223, 4289
What are the prime factors of 52442438?
2, 23, 461, 2473
What are the prime factors of 942732662?
2, 471366331
List the prime factors of 2584218530.
2, 5, 151, 983, 1741
What are the prime factors of 15772905?
3, 5, 41, 83, 103
What are the prime factors of 1144788164?
2, 13, 22015157
What are the prime factors of 149819235?
3, 5, 9987949
What are the prime factors of 949459318?
2, 179, 347, 7643
List the prime factors of 5006653213.
41, 122113493
List the prime factors of 4447190701.
17, 313, 877, 953
What are the prime factors of 1860528118?
2, 29, 823, 38977
List the prime factors of 776806919.
7, 110972417
List the prime factors of 2872008306.
2, 3, 53185339
List the prime factors of 99431071.
2281, 43591
List the prime factors of 1847892247.
107, 151, 114371
List the prime factors of 3309537494.
2, 31, 67, 796711
What are the prime factors of 968394847?
7, 3361, 41161
What are the prime factors of 4895821?
7, 331, 2113
What are the prime factors of 511906300?
2, 5, 5119063
List the prime factors of 16950447.
3, 1883383
List the prime factors of 1485815096.
2, 17, 10925111
What are the prime factors of 67521197?
67521197
What are the prime factors of 27228494?
2, 13614247
What are the prime factors of 188476849?
11, 3359, 5101
What are the prime factors of 2437799375?
5, 11, 139, 2551
List the prime factors of 4246933729.
4246933729
What are the prime factors of 73582680?
2, 3, 5, 613189
What are the prime factors of 319366253?
397, 804449
What are the prime factors of 2930734568?
2, 4241, 86381
What are the prime factors of 157998567?
3, 52666189
List the prime factors of 221391838.
2, 19, 773, 7537
List the prime factors of 317358575.
5, 12694343
What are the prime factors of 3395562091?
31, 109534261
List the prime factors of 1549456265.
5, 7, 44270179
What are the prime factors of 1731842277?
3, 11, 61, 173, 4973
List the prime factors of 27648666.
2, 3, 1536037
List the prime factors of 937677495.
3, 5, 37, 47, 103, 349
What are the prime factors of 46746239?
379, 123341
What are the prime factors of 676255316?
2, 11, 15369439
What are the prime factors of 28248807?
3, 23, 43, 9521
List the prime factors of 58159435.
5, 43, 270509
What are the prime factors of 2712366100?
2, 5, 73, 569, 653
What are the prime factors of 2122384166?
2, 7, 151598869
What are the prime factors of 283965818?
2, 131, 1083839
What are the prime factors of 41922751?
13, 103, 131, 239
What are the prime factors of 30577846?
2, 13, 6959
List the prime factors of 5117135815.
5, 11, 4751, 19583
List the prime factors of 609765661.
37, 173, 95261
What are the prime factors of 90609568?
2, 7, 404507
What are the prime factors of 1098409703?
19, 57811037
What are the prime factors of 5582724510?
2, 3, 5, 11, 211, 80177
List the prime factors of 115488235.
5, 67, 103, 3347
List the prime factors of 3750494.
2, 11, 227, 751
What are the prime factors of 41582695?
5, 7, 11, 108007
What are the prime factors of 239441093?
167, 1097, 1307
What are the prime factors of 188234186?
2, 7, 29, 107, 619
List the prime factors of 3643634886.
2, 3, 607272481
List the prime factors of 22156967.
7, 17, 67, 397
What are the prime factors of 217271931?
3, 971, 74587
What are the prime factors of 3394444485?
3, 5, 17, 13311547
What are the prime factors of 217613158?
2, 7, 17, 29, 41, 769
What are the prime factors of 33375640?
2, 5, 41, 47, 433
List the prime factors of 4789819690.
2, 5, 23, 107, 191, 1019
List the prime factors of 50958759.
3, 71, 239243
What are the prime factors of 781409019?
3, 3061, 85093
List the prime factors of 25411697.
25411697
List the prime factors of 126208959.
3, 47, 557, 1607
What are the prime factors of 145519941?
3, 7, 29, 238949
List the prime factors of 378024211.
113, 131, 25537
List the prime factors of 1162095639.
3, 17, 853, 26713
List the prime factors of 1157449888.
2, 7, 5167187
What are the prime factors of 128324923?
128324923
List the prime factors of 181585416.
2, 3, 7566059
List the prime factors of 276974756.
2, 69243689
List the prime factors of 1406790634.
2, 701, 1003417
What are the prime factors of 26313958?
2, 11, 1196089
List the prime factors of 47527088.
2, 7, 73, 5813
List the prime factors of 25735275.
3, 5, 23, 4973
What are the prime factors of 3642077605?
5, 19, 38337659
What are the prime factors of 5698346?
2, 2849173
List the prime factors of 676494521.
179, 3779299
List the prime factors of 99962810.
2, 5, 109, 293, 313
List the prime factors of 7843077.
3, 11, 227, 349
List the prime factors of 74649063.
3, 24883021
List the prime factors of 475333130.
2, 5, 47533313
What are the prime factors of 601276258?
2, 11, 23, 1188293
List the prime factors of 252140719.
17, 1657, 8951
List the prime factors of 337180891.
149, 2262959
What are the prime factors of 398765059?
7, 11, 31, 15187
List the prime factors of 120391901.
7, 137, 125539
What are the prime factors of 188859133?
188859133
List the prime factors of 426936868.
2, 109, 317, 3089
What are the prime factors of 2374961717?
2374961717
What are the prime factors of 80517685?
5, 313, 51449
What are the prime factors of 509755287?
3, 169918429
What are the prime factors of 79618578?
2, 3, 13, 1020751
What are the prime factors of 48271038?
2, 3, 8045173
What are the prime factors of 41271982?
2, 23, 181, 4957
List the prime factors of 1706061755.
5, 613, 556627
What are the prime factors of 145122505?
5, 11, 571, 4621
List the prime factors of 279733075.
5, 79, 141637
List the prime factors of 70701372.
2, 3, 7, 280561
What are the prime factors of 126563493?
3, 7, 1259, 4787
List the prime factors of 77870140.
2, 5, 31, 125597
List the prime factors of 142515342.
2, 3, 37, 71329
List the prime factors of 2983786083.
3, 131, 2530777
What are the prime factors of 21936623?
31, 707633
What are the prime factors of 1102333078?
2, 7, 11, 71, 181, 557
What are the prime factors of 433530583?
17, 25501799
What are the prime factors of 1335740304?
2, 3, 43, 647161
List the prime factors of 1466486605.
5, 293297321
What are the prime factors of 1184315326?
2, 859, 689357
List the prime factors of 1526912769.
3, 163, 1051, 2971
List the prime factors of 2493030248.
2, 311628781
List the prime factors of 664412972.
2, 17, 9770779
List the prime factors of 273530493.
3, 17, 595927
List the prime factors of 100475647.
100475647
List the prime factors of 140944212.
2, 3, 17, 25589
List the prime factors of 2597673430.
2, 5, 11, 37, 43, 14843
List the prime factors of 160715498.
2, 107, 751007
What are the prime factors of 1740253503?
3, 580084501
What are the prime factors of 268655581?
268655581
What are the prime factors of 204944589?
3, 22771621
List the prime factors of 71381912.
2, 7, 17, 97, 773
List the prime factors of 777336037.
19, 23, 1778801
List the prime factors of 294675910.
2, 5, 3917, 7523
List the prime factors of 6714435.
3, 5, 7, 13, 4919
List the prime factors of 138321861.
3, 46107287
What are the prime factors of 342297598?
2, 31, 5520929
What are the prime factors of 802773434?
2, 1979, 202823
List the prime factors of 7983262.
2, 7, 570233
List the prime factors of 36218287.
7, 1193, 4337
List the prime factors of 1918458317.
127, 2203, 6857
List the prime factors of 234805879.
7, 11, 3049427
What are the prime factors of 2950134993?
3, 13, 167, 50329
List the prime factors of 60573181.
37, 241, 6793
What are the prime factors of 4671520720?
2, 5, 58394009
What are the prime factors of 432828750?
2, 3, 5, 115421
What are the prime factors of 221663516?
2, 31, 173, 10333
List